 d**3 + 5*d**r - d**3 + d**2. Give k(-2).
-5
Let w = 2 + -8. Let u(h) = -h**2 - 6*h. Give u(w).
0
Let f = 16 - 21. Let y(c) = -2*c**3 + 7*c**2 - 7*c - 9. Let z(s) = -3*s**3 + 13*s**2 - 13*s - 17. Let d(i) = -5*y(i) + 3*z(i). Give d(f).
-11
Suppose -4*k = g - 3*g - 28, k = -4*g - 11. Let w be ((-10)/(-40))/((-1)/g). Let r = w - 0. Let l(m) = -2*m - 1. Calculate l(r).
-3
Let a(i) = 10*i**3 - 8*i**2 - 5*i - 31. Let c(z) = 7*z**3 - 5*z**2 - 3*z - 21. Let k(w) = -5*a(w) + 7*c(w). What is k(6)?
-4
Let j(q) be the first derivative of -q**5/120 - 5*q**4/12 + q**3/3 + 2. Let c(m) be the third derivative of j(m). What is c(0)?
-10
Suppose 0 = -2*o + o - i - 23, -i = -1. Let m be o/16*4/6. Let l(x) be the first derivative of x**2 - x + 2. What is l(m)?
-3
Suppose -5*i + 16 = -i. Suppose -i*k + 64 = -5*a, 3*a = -k - 0*a - 1. Let m = k - 7. Let x(o) = o**3 - 5*o**2 + 5*o - 1. What is x(m)?
3
Suppose 5*w = 20, -3*h - 3*w = -5*h - 12. Let y(m) = 0*m**2 + h*m**2 + 7*m + 3*m**2 - 2 - 4*m**2. Calculate y(5).
8
Let r(n) = n**2 + 4*n. Let i be r(-3). Let h = -1 - i. Let z be 3*h*(-1)/2. Let o(d) = d**2 + 5*d + 3. What is o(z)?
-3
Let f(g) be the second derivative of -g**4/12 + 2*g**3/3 + 2*g**2 - g. Give f(5).
-1
Let v(q) = q**2 - q. Let h be v(1). Let x(t) = t**3 + t**2 + 6. Determine x(h).
6
Suppose -4*m = -2*m + 16. Let h = -3 - m. Let l(v) = -2*v + 1 - 10*v**2 - h*v + 5*v. Calculate l(1).
-11
Let x be (48/32)/((-3)/4). Let c(n) = 2*n**3 + 2*n**2 + 3*n. Give c(x).
-14
Suppose 68 = -5*v + 83. Let q(k) = 4*k - 4. Determine q(v).
8
Let a be 194/22 - (-4)/22. Suppose 3*y = -4*p + 4*y - 15, -5*p - a = 2*y. Let s(f) = f**2 + f - 4. Calculate s(p).
2
Let k(i) = -i**2 + 3*i - 1. Let s(u) = u**2 - u - 3. Let q be s(3). Suppose -q*b - b = -36. Let o = b + -5. Give k(o).
-5
Let c = 1417/12 - 118. Let f(k) be the second derivative of k - 1/3*k**3 - 3/10*k**5 - c*k**4 + 0 - 1/2*k**2. Calculate f(-1).
6
Suppose l + k - 5 = 0, 4*k = -l - 0*k + 14. Let v(q) = -q + 5. Let d be v(5). Let g = l + d. Let p(r) = r**3 - 4*r**2 + 3*r. Calculate p(g).
-2
Let a(i) = -53*i + 3. Let f(q) = 35*q - 2. Let l(g) = -5*a(g) - 8*f(g). Let m be (-32)/(-112) + 5/7. What is l(m)?
-14
Let o(w) = w**3 - w**2 - w + 1. Let z = -36 + 24. Let h = -12 - z. What is o(h)?
1
Let j(p) = -p**3 + 4*p**2 - 5*p + 3. Let l = 140 + -137. What is j(l)?
-3
Let o(t) be the second derivative of t**5/20 + t**4/3 - 3*t**2/2 - t. Let r be o(-3). Let s(c) = 3*c - c - r*c. Calculate s(1).
-4
Let l(d) = d**3 + 2. Let m(x) = -x + 11. Let h be m(9). What is l(h)?
10
Let s(c) be the second derivative of c**4/4 - c**3/6 + 2*c. Let w be s(1). Let d(k) = k + 3*k**2 + k**3 + 4*k**w - 4*k**2. Calculate d(-2).
2
Let a(f) = 2*f - 1. Let l = -1 + 1. Suppose -5*b - 3*y + 27 = 0, l*y + 3*y + 3 = 0. Let k(o) = -2*o + 9. Let x be k(b). Give a(x).
-7
Let o(u) = -3*u**2 - 7*u - 11. Let i(n) = -2*n**2 - 3*n - 6. Let z(x) = -5*i(x) + 3*o(x). Determine z(5).
-8
Let w(p) = 8*p - 1. Let y be w(1). Suppose 1 = 2*l - y. Let b(k) = 4*k + 0*k**2 - 2 - k**2 + 6. Determine b(l).
4
Let p(n) = 24*n. Let t(x) be the third derivative of -x**4/4 + x**2. Let q(h) = -2*p(h) - 9*t(h). Suppose -2*z - 3 = 5*u, u - 6*u = -2*z - 13. Give q(u).
6
Let n(v) be the third derivative of v**6/30 - v**5/30 - v**4/12 + v**3/3 - 9*v**2. Calculate n(2).
22
Let j(a) = a + 9. Let d be j(-7). Let o(n) be the first derivative of -1/3*n**3 + 2 + n - 3*n**d. Calculate o(-5).
6
Suppose -3*f + 3 + 9 = 0. Suppose -v - f*m = 10, 0*m = -4*v + 4*m + 20. Let r(y) = -3*y - 2. Let u(n) = 12*n + 9. Let b(x) = 9*r(x) + 2*u(x). What is b(v)?
-6
Suppose -2*h - 4*b = 2*h - 24, 5*h - 18 = b. Let a(d) = h*d - 2*d - d + 7. Determine a(0).
7
Let z(h) = h**3 + 3*h**2 + h + 4. Suppose -3*b = -0*b. Suppose 2*n = -2*t - 8, -n + 5*t = -b - 2. Calculate z(n).
1
Let z be (-2)/8*-6*-2. Let w(l) = l**2 + 4*l + 2. Let j be w(z). Let p(h) = 3*h**2 - 2*h + h - 11*h**2 - h**2. Calculate p(j).
-8
Let h = 6 - 4. Let k(f) = -f**2 + f - 1. Let p(b) = -3*b**2 + 4*b. Let s(v) = h*k(v) - p(v). Calculate s(4).
6
Let h(q) = 7*q + 5. Let x(l) = -3*l - 2. Let s(b) = -4*h(b) - 9*x(b). Give s(-3).
1
Let c(n) = n**2 + n - 6. Suppose -4*k - 7 = -3*u, u - 3 = -2*k + 6. Suppose 3*a - y = 3, 7 = -u*y - 8. Give c(a).
-6
Let s(t) = -6*t + 10. Let v(c) = 17*c - 29. Let h(i) = -11*s(i) - 4*v(i). Suppose -2*b + 1 = 5*g + 16, 7 = -2*g - b. Let z be (-16 - -1)*g/3. What is h(z)?
-4
Let q(n) = -2*n**3 - n**3 - 3 + 4*n**3. Suppose -2*z + 5 = l + 3, 28 = 4*l - 2*z. Let p be -1*(l/3 - 2). What is q(p)?
-3
Let o(a) = -a**2 - 7*a - 9. Let z be o(-6). Let p(w) = w**3 + 4*w**2 + 4*w + 3. Give p(z).
0
Let j(z) = -11 - z**2 - 4*z**2 + 6 + 6*z + z**3. Determine j(4).
3
Let w(k) = -14*k**2 - 16*k. Let m = -5 - -5. Let q(y) = 4*y**2 + m*y**2 - 5*y**2 - y. Let v(x) = 48*q(x) - 3*w(x). Give v(1).
-6
Let d(g) = 0*g - g + 3*g + 5. Let n be 24/14 - (-4)/14. Let v = -3 - n. Give d(v).
-5
Let w = 12 - 12. Suppose w*g = -4*g - 2*b - 4, -20 = 5*b. Let j(z) be the third derivative of 2*z**5/15 + z**4/24 + 4*z**2. What is j(g)?
9
Let c = -15 + 14. Let j be -1 + 4 + (-10)/5. Let f(n) = -2*n**2 + n**2 + 4*n**3 + 3*n**2 + j + 2*n. Give f(c).
-3
Let t(w) = w**2 + 2*w - 2. Suppose 3*a = k + 9, -a - 1 = 2*k + 3. Calculate t(k).
1
Let n = 5 + -2. Suppose 0 = d - n - 2, 7 = -3*s - d. Let c(q) = -3*q + 6. Let p(g) = -4*g + 7. Let r(m) = 5*c(m) - 4*p(m). Calculate r(s).
-2
Suppose 16 = 4*u - 0*u. Let s(f) = u*f - 3*f - 2*f. Let x be s(-2). Let k(t) = -t**3 + 3*t**2 - 3*t + 3. Determine k(x).
1
Let q(b) = 4*b + 20. Let a(t) = -2*t - 10. Let d(w) = -5*a(w) - 2*q(w). Give d(-7).
-4
Let q(y) = 2*y**2 + 3*y + 3. Let v = 5 + -5. Suppose 3*x + 3*m + 10 = -14, v = -2*x - 3*m - 21. What is q(x)?
12
Suppose -6*j = -4*j - 4. Let y(x) = 2 - 8*x**j - 4 + 2*x**2 + 4*x + x**3. Give y(5).
-7
Let f be 3/(-1)*(-4)/(-3). Let p(a) = 5*a**2 - 3*a - 3. Let b(d) = -d**2. Let t(k) = -6*b(k) - p(k). What is t(f)?
7
Let p be -2 - 2/(-1) - -3. Let t(z) = 3*z**3 - 12*z**2 - 3*z + 5. Let f(b) = -2*b**3 + 6*b**2 + b - 2. Let a(x) = p*t(x) + 5*f(x). Determine a(-5).
0
Let y(d) = 5*d**3 + 14*d**2 - 12*d - 4. Let p(t) = t**3 + t**2 - t + 1. Let r(f) = -6*p(f) + y(f). Calculate r(7).
-3
Suppose -3*z = -9 + 24. Let n(j) = -2*j + 6. Let s(v) = -v + 3. Let g(c) = z*s(c) + 2*n(c). Give g(5).
2
Let p(v) be the second derivative of -v**5/20 - v**4/6 + v**3 + v**2/2 + 15*v. What is p(-4)?
9
Let x(s) = s + 2. Let f be x(-2). Let h(b) = 5*b + f*b - 3*b + 6. What is h(-5)?
-4
Let n(g) = g**2 + 7*g - 1. Let z(l) = -l**2 - 7*l + 1. Let x(t) = 5*n(t) + 4*z(t). Suppose 3*h - 3 = s + 7*h, 3*s + 24 = 3*h. What is x(s)?
-1
Let x(w) = 2*w**2 - 5*w - 6. Let i(k) be the second derivative of k**4/3 - 11*k**3/6 - 13*k**2/2 + 2*k. Let n(p) = 4*i(p) - 9*x(p). Give n(2).
-4
Let y(w) = w + 2. Suppose 2*r - 8 = -0. What is y(r)?
6
Let a(h) = 9*h + 1. Suppose -2 = 3*k - 5. Let t be 1/(0/k - -1). Determine a(t).
10
Let n(c) be the second derivative of -c**5/20 - c**4/4 + 3*c**2/2 + c. Let t(p) = -p**2 + 4*p + 2. Let k be t(4). Suppose -k = b + 1. Give n(b).
3
Let m(h) = 16*h + 1. Let u = -43 - -42. What is m(u)?
-15
Let i(l) = -l**3 - 46*l + 5*l**3 - 3*l**3 + 7*l**2 + 53*l. Calculate i(-6).
-6
Let s = -43 - -37. Let x(h) = h**3 + 6*h**2 - 2*h - 9. Give x(s).
3
Let g(f) = f**3 - 2*f**2 + f - 2. Let w = -10 - -9. Let o(q) = 2*q - 9. Let y(t) = -t + 4. Let z(n) = 4*o(n) + 9*y(n). Let b(x) = w*z(x) - g(x). What is b(3)?
-7
Let i(u) be the second derivative of -u**7/2520 + u**6/144 + u**5/60 - u**4/12 - 3*u. Let d(a) be the third derivative of i(a). Calculate d(4).
6
Let r(k) = 7*k - 6. Let l(v) = -14*v + 11. Let s(g) = 3*l(g) + 5*r(g). Let d be 2/5*10/2. What is s(d)?
-11
Suppose -4*g = 2*u - 3*u - 7, 5*g - 35 = -4*u. Let h(s) = s**2 - 6*s. Calculate h(u).
-5
Let g(q) = -7*q**2 - 12*q + 14. Let j(p) = 3*p**2 + 6*p - 6. Let u(s) = -2*g(s) - 5*j(s). Determine u(-4).
10
Let o(c) = c**3 + 2*c**2 + 2*c - 2. Suppose 2*t = m + 2*m - 16, 5*m - 24 = 2*t. Calculate o(t).
-6
Let j(p) = -3*p + 0*p**2 + 0*p**3 - 6*p**2 - p**3. Let a be 18/99 + (-24)/11. Let c(i) = i**3 + 7*i**2 + 4*i - 1. Let v(t) = a*c(t) - 3*j(t). Give v(-4).
-2
Let o(g) = -7 - 6*g**3 + 6*g**2 + 11*g**3 - 2*g - 4*g**3 + 0*g. What is o(-6)?
5
Let g(n) = -n**3 - 2*n**2 + 3*